q - 1255. What are the prime factors of q?
5, 251
Let v be -3 - 5/((-10)/6). Suppose k = 3*f + 10, v = -7*k + 2*k - 5*f + 10. Suppose 55 = 3*n - 5*w, -n + 21 + 20 = k*w. List the prime factors of n.
5
Suppose -3*j = 4*j - 497. Suppose -72*d + 90 = -j*d. What are the prime factors of d?
2, 3, 5
Let p = 103 + -99. Suppose 0 = -2*j - 0*j - p*x + 198, 510 = 5*j - 5*x. What are the prime factors of j?
101
Let g = 2331 + -984. What are the prime factors of g?
3, 449
Let p be 4*(10/(-4))/(-1). Let u be 2/4 + 5/p. Suppose m + u = 5. List the prime factors of m.
2
Let o = 22 - 16. What are the prime factors of ((-16)/o)/(1/(-33))?
2, 11
Let a = -138 + 155. What are the prime factors of a?
17
Let y be 990/(-88) - (-2)/8. Let g be 248/14 + (-4)/(-14). Let r = y + g. What are the prime factors of r?
7
Let a(o) be the third derivative of -25*o**4/24 - 5*o**2. Let t be a(-3). Let c = -54 + t. List the prime factors of c.
3, 7
Suppose -3*l - 3*i = -30, -4*l + 0*i - i + 28 = 0. Suppose -3*v + l - 3 = 0, 4*x + 2*v - 146 = 0. List the prime factors of x.
2, 3
Suppose -21 = -k - 2*k. Let l(n) = -18*n - 45. Let r be l(-3). Suppose -r*w + k*w = -60. What are the prime factors of w?
2, 3, 5
Let l(w) = w**3 + 26*w**2 - 9*w + 11. What are the prime factors of l(-13)?
3, 5, 31
Let y = 118 - 118. Suppose y*g - 3*g + 666 = 0. List the prime factors of g.
2, 3, 37
Suppose -5*h + 1 = -2*b + 32, 0 = -3*b - 5*h + 9. Suppose 2*s + b = 0, -g + 0*g = -3*s - 114. List the prime factors of g.
2, 3, 17
Let b = 288 + 114. What are the prime factors of b?
2, 3, 67
Suppose -3*b = l + 3, 2*l = 5*l + 5*b - 7. Suppose -z + 109 = -l. What are the prime factors of z?
2, 59
Let j(g) = -27*g - 6. Let z = 26 - 26. Suppose -p + 6*p + 10 = z. List the prime factors of j(p).
2, 3
What are the prime factors of 4804/10 + 10/(-25)?
2, 3, 5
Suppose 4*m = 3*i + 160, 3*m + m = -2*i + 140. Suppose -40*c + m*c + 75 = 0. List the prime factors of c.
5
Suppose 2*j = 3*o + 2823, 4*j - o = 1113 + 4548. Suppose -j = 10*t - 16*t. List the prime factors of t.
2, 59
Suppose 12*i - 448 = 5*i. Suppose -3*n = d - 0*n - 49, 2*n + i = d. List the prime factors of d.
2, 29
Suppose -14*o + 22260 = o. List the prime factors of o.
2, 7, 53
Let n = 23 + -18. Suppose -62 = -n*d + 48. Let i = d + -4. What are the prime factors of i?
2, 3
Let x(k) = -k**3 + k**2 - k + 17. Let d be x(0). Let i = 35 + d. List the prime factors of i.
2, 13
Suppose 22*a = 23*a - 1334. What are the prime factors of a?
2, 23, 29
Let l(d) be the second derivative of d**3/3 + 3*d**2/2 - 3*d. Suppose -31 = -2*s + 5*t, -16 = -0*s + 3*s + 5*t. List the prime factors of l(s).
3
Let o be -3 + 1 + -23 + 1. Let p be o/(4 - 0) + 0. What are the prime factors of (-68)/(-6)*p/(-4)?
17
Let u = 228 - -533. List the prime factors of u.
761
Suppose 0 = -22*g + 11*g - 110. What are the prime factors of 54*(g/35 - 134/(-28))?
3
Let j = 292 + -154. Let r = 237 - j. List the prime factors of r.
3, 11
Suppose 4381 - 48 = 5*z + n, -z + 869 = -n. What are the prime factors of z?
3, 17
Let z(w) = 36*w**2 + 3*w. Let j be z(-2). What are the prime factors of 16/(-12)*j/(-4)?
2, 23
Suppose 0 = 5*p + 2*j - 2713 - 6631, 0 = p - 3*j - 1879. What are the prime factors of p?
2, 5, 11, 17
Let u be (6 + 0 - 4)*2. Suppose 5*h - 799 = -u*v - 167, -2*h + 263 = 5*v. What are the prime factors of h?
2, 31
Suppose 7*o - 4286 = -730. What are the prime factors of o?
2, 127
Suppose 532 = 4*g - 188. List the prime factors of g.
2, 3, 5
Suppose 5*i + c = -29, -i - 11 = i + c. Let h be (2*-1)/(i/12). Suppose -r + 26 = 3*b + 7, 4*r + 4 = h*b. List the prime factors of r.
2
Let j be 6*((-5)/2 - -1). Let w(l) = -2*l - 1. Let k(h) = -h**2 - 18*h. Let d(q) = k(q) - 3*w(q). What are the prime factors of d(j)?
2, 3, 5
Let j(n) = -n + 2. Let f be j(2). Suppose 3*s - 100 = -2*i - 2*s, -3*i - 3*s + 132 = f. Let k = i + -24. List the prime factors of k.
2
Suppose -10430 - 160 = -4*s - 2*y, 4*s + 4*y = 10600. List the prime factors of s.
5, 23
Let z be 2/(-13) - 384/39. Let b be (24/z)/(2/(-80)). Suppose -10*y + b = -4*y. List the prime factors of y.
2
Suppose 0 = 5*f - 7457 - 12958. List the prime factors of f.
3, 1361
Let n = -24 + 99. What are the prime factors of 3630/n + (-2)/5?
2, 3
Let r be 1/(1/10) - 1. Suppose 3*j - r*j + 588 = 0. Suppose -u = -8*u + j. What are the prime factors of u?
2, 7
Let f = -10 - -10. Let t be 528/(-8)*(-1 + f). Suppose -7*y + y + t = 0. List the prime factors of y.
11
List the prime factors of (-85908)/(-72) - ((-17)/6 - -2).
2, 3, 199
List the prime factors of 6492/(-8)*(-23 - -21).
3, 541
Let m(l) = -6*l. Let p be m(-1). Let g = 6 - p. Suppose g = 5*h - 25 - 10. List the prime factors of h.
7
Let k(r) = 3*r - 42. Let h be k(9). What are the prime factors of (-12)/h*220/8?
2, 11
Let u = -454 + 316. List the prime factors of u/(-8) + 4/(-16).
17
Suppose -2*q + 92 = 3*b, 4*b - 2*q - 115 = 3*q. Let g = b + -11. Let d = 20 + g. List the prime factors of d.
3, 13
Let p(z) = -z**2 - 4*z + 7. Let s be p(-6). Let h = 56 - s. What are the prime factors of h?
61
Let h be (4 - (-10)/(-5)) + 0. Suppose -h*n + 45 = 13. What are the prime factors of n?
2
List the prime factors of 11798/25 - 90/(-1125).
2, 59
Suppose 194*a - 187*a = 17094. List the prime factors of a.
2, 3, 11, 37
Let c(w) = 2*w**2 + 5*w + 5. Let g(y) = y**3 + 6*y**2 + 5*y + 4. Let j be g(-5). Suppose 0 = j*h + 8 - 24. List the prime factors of c(h).
3, 19
Let m be (-18)/12*(-88)/3. Suppose -m = -2*s - 6. Suppose 5 = 2*l - s. List the prime factors of l.
2, 3
Let v(r) = 6*r - 13. Let u(q) = q. Let k(l) = 5*u(l) - v(l). Let i be k(8). Suppose -2*y - 218 = -5*g - 6*y, i*g - y = 208. List the prime factors of g.
2, 3, 7
Suppose 4*d - 2*d - 881 = 3*n, 876 = 2*d - 4*n. List the prime factors of d.
2, 7
Suppose -3*r = -5*r + 102. Suppose -3*w = 2*x + x - 171, x = 2*w + r. List the prime factors of x.
5, 11
Let u(k) = -2*k - 18. Let t = -39 - -30. Let i be u(t). Suppose -3*y + 57 = 3*a, i*y - 28 = -y - 4*a. List the prime factors of y.
2
Let m(i) = 506*i - 7. List the prime factors of m(2).
3, 5, 67
Let r(m) = 2*m**2 + 21*m - 171. What are the prime factors of r(-35)?
2, 193
Let s(x) be the first derivative of x**6/180 + x**5/120 - x**4/24 + x**3 - 5. Let b(y) be the third derivative of s(y). What are the prime factors of b(3)?
2, 5
Suppose 567 = 8*c - 881. What are the prime factors of c?
181
Suppose 3*i + s = 4305, -5*i + 7175 = -s + 5*s. List the prime factors of i.
5, 7, 41
Let u(f) be the third derivative of -13*f**4/12 - 5*f**3/3 + 41*f**2. List the prime factors of u(-9).
2, 7
Let d(h) = 2*h**3 - 4*h**2 - 5*h. Let g = 13 - 8. Let a be d(g). Let q = a - 66. List the prime factors of q.
59
Suppose 2*s = 5*v - 1658, -5*s - 999 = -3*v - 8*s. List the prime factors of v.
2, 83
Suppose -v + 2*m + 3830 = 0, v - 3*m + 28 = 3858. What are the prime factors of v?
2, 5, 383
Let b be (15/(-2))/(6/8). Let p be b/(-8)*4 + -3. Suppose -2*g - 70 = -4*v, 2*v - g - 65 = -p*v. List the prime factors of v.
3, 5
Suppose -15 = -2*l + 4*y + 13, 2*y + 46 = 3*l. Suppose 0 + 10 = 5*q - 4*u, -4*q - 3*u = -8. List the prime factors of 312/l + q/(-4).
19
Suppose 2*i - 216 = -h, 2*h + h - 664 = 2*i. What are the prime factors of h?
2, 5, 11
Let v = 119 - 136. List the prime factors of (-4212)/(-28) - (v/(-7) - 2).
2, 3, 5
Let w(m) = 12*m - 18. Let p be w(7). Let f = p + 6. List the prime factors of f.
2, 3
Let u(w) = -w**2 - w + 20. Let p be u(0). Suppose -d = 3*d - p. Suppose -4*r = -0*r + 12, 4*v - d*r - 71 = 0. What are the prime factors of v?
2, 7
Suppose 7*f - 1556 = 1622. What are the prime factors of f?
2, 227
Let j be 3*(2 + (-2 - -1)). List the prime factors of (-4)/(-6) + 277/j.
3, 31
Suppose -37*i = -21898 - 39855. What are the prime factors of i?
1669
Let u(j) = 28*j**3 + 3*j**2. Let f(c) = 57*c**3 + 7*c**2 - c + 1. Let x(m) = -2*f(m) + 5*u(m). What are the prime factors of x(1)?
3
Suppose -o + 0*p + 721 = -p, o - 723 = 2*p. What are the prime factors of o?
719
Suppose -4*m + 129 + 123 = 4*t, 5*m - 311 = -4*t. Let i = m - 43. List the prime factors of i.
2
Suppose -4*j = -5*j - 2*y - 98, 5*y + 490 = -5*j. Let v = 135 + j. List the prime factors of v.
37
Let q(s) = 187 - s**2 + 0*s**2 - 212 - 13*s. List the prime factors of q(